y 40821.
10
Calculate the remainder when 4928 is divided by 669.
245
Calculate the remainder when 31227 is divided by 1950.
27
Calculate the remainder when 2170 is divided by 437.
422
Calculate the remainder when 13941 is divided by 279.
270
What is the remainder when 87451 is divided by 29138?
37
What is the remainder when 2358453 is divided by 259?
258
Calculate the remainder when 8263 is divided by 54.
1
What is the remainder when 2322 is divided by 2273?
49
What is the remainder when 382252 is divided by 1390?
2
What is the remainder when 7720 is divided by 266?
6
Calculate the remainder when 2404221 is divided by 359.
357
What is the remainder when 5100 is divided by 3766?
1334
What is the remainder when 2931 is divided by 295?
276
Calculate the remainder when 109875 is divided by 67.
62
Calculate the remainder when 8617 is divided by 2859.
40
Calculate the remainder when 107070 is divided by 56.
54
What is the remainder when 9886 is divided by 26?
6
Calculate the remainder when 555895 is divided by 218.
213
Calculate the remainder when 11432 is divided by 309.
308
Calculate the remainder when 218958 is divided by 68.
66
Calculate the remainder when 5543 is divided by 204.
35
What is the remainder when 1054 is divided by 207?
19
Calculate the remainder when 161375 is divided by 984.
983
Calculate the remainder when 14009 is divided by 15.
14
What is the remainder when 9859 is divided by 290?
289
What is the remainder when 11545 is divided by 956?
73
Calculate the remainder when 2794 is divided by 924.
22
What is the remainder when 182699 is divided by 15?
14
What is the remainder when 4150 is divided by 275?
25
Calculate the remainder when 3098398 is divided by 120.
118
Calculate the remainder when 490477 is divided by 163491.
4
Calculate the remainder when 7752 is divided by 125.
2
Calculate the remainder when 687 is divided by 521.
166
Calculate the remainder when 69847 is divided by 39.
37
What is the remainder when 4992 is divided by 134?
34
What is the remainder when 63540 is divided by 333?
270
Calculate the remainder when 1963 is divided by 325.
13
Calculate the remainder when 2473 is divided by 426.
343
Calculate the remainder when 43082 is divided by 178.
6
What is the remainder when 362519 is divided by 20?
19
What is the remainder when 49469 is divided by 6?
5
What is the remainder when 6917791 is divided by 28?
27
Calculate the remainder when 22178 is divided by 2463.
11
Calculate the remainder when 49246 is divided by 6154.
14
What is the remainder when 5195 is divided by 5037?
158
What is the remainder when 59188 is divided by 13?
12
Calculate the remainder when 314329 is divided by 215.
214
Calculate the remainder when 4185 is divided by 597.
6
What is the remainder when 1533 is divided by 87?
54
Calculate the remainder when 289283 is divided by 39.
20
Calculate the remainder when 691073 is divided by 172765.
13
Calculate the remainder when 18309 is divided by 5.
4
Calculate the remainder when 60538 is divided by 36.
22
Calculate the remainder when 7255 is divided by 1444.
35
Calculate the remainder when 2491 is divided by 52.
47
What is the remainder when 53349 is divided by 171?
168
What is the remainder when 37880 is divided by 1150?
1080
What is the remainder when 535851 is divided by 759?
756
What is the remainder when 17914 is divided by 4440?
154
Calculate the remainder when 13365 is divided by 1850.
415
Calculate the remainder when 2504 is divided by 1251.
2
Calculate the remainder when 69213 is divided by 336.
333
What is the remainder when 1421683 is divided by 49?
46
What is the remainder when 1603 is divided by 263?
25
Calculate the remainder when 11761 is divided by 2351.
6
Calculate the remainder when 869 is divided by 317.
235
What is the remainder when 996 is divided by 8?
4
What is the remainder when 4798 is divided by 4720?
78
Calculate the remainder when 13875 is divided by 322.
29
What is the remainder when 177895 is divided by 129?
4
What is the remainder when 6429 is divided by 1591?
65
What is the remainder when 40084 is divided by 17?
15
Calculate the remainder when 1346 is divided by 30.
26
Calculate the remainder when 3558 is divided by 91.
9
What is the remainder when 8674 is divided by 273?
211
Calculate the remainder when 30428 is divided by 24.
20
Calculate the remainder when 141095 is divided by 35271.
11
Calculate the remainder when 1244605 is divided by 141.
139
What is the remainder when 144866 is divided by 11142?
20
Calculate the remainder when 193691 is divided by 857.
9
Calculate the remainder when 2977 is divided by 22.
7
Calculate the remainder when 10126 is divided by 125.
1
Calculate the remainder when 311637 is divided by 318.
315
Calculate the remainder when 355 is divided by 172.
11
Calculate the remainder when 13406 is divided by 123.
122
What is the remainder when 143097 is divided by 1745?
7
What is the remainder when 279345 is divided by 221?
1
Calculate the remainder when 8855 is divided by 877.
85
Calculate the remainder when 1950 is divided by 106.
42
Calculate the remainder when 35001 is divided by 30.
21
Calculate the remainder when 224892 is divided by 74900.
192
What is the remainder when 9989 is divided by 39?
5
Calculate the remainder when 271995 is divided by 22.
9
What is the remainder when 11637 is divided by 2327?
2
Calculate the remainder when 7848 is divided by 322.
120
Calculate the remainder when 2247 is divided by 829.
589
What is the remainder when 171590 is divided by 171567?
23
What is the remainder when 11130 is divided by 1588?
14
What is the remainder when 2244 is divided by 30?
24
Calculate the remainder when 3034 is divided by 98.
94
Calculate the remainder when 32796 is divided by 16001.
794
Calculate the remainder when 609681 is divided by 12.
9
What is the remainder when 2227 is divided by 2205?
22
What is the remainder when 60766 is divided by 5524?
2
Calculate the remainder when 121844 is divided by 33.
8
What is the remainder when 106168 is divided by 254?
250
What is the remainder when 14315 is divided by 447?
11
What is the remainder when 9735 is divided by 1602?
123
Calculate the remainder when 2650 is divided by 2647.
3
What is the remainder when 1783 is divided by 43?
20
Calculate the remainder when 21165 is divided by 134.
127
What is the remainder when 1483 is divided by 399?
286
Calculate the remainder when 4237 is divided by 439.
286
What is the remainder when 2320 is divided by 219?
130
What is the remainder when 13248 is divided by 1462?
90
Calculate the remainder when 69564 is divided by 7.
5
Calculate the remainder when 25134 is divided by 251.
34
Calculate the remainder when 6900 is divided by 361.
41
Calculate the remainder when 11036 is divided by 200.
36
What is the remainder when 28308 is divided by 889?
749
What is the remainder when 6753 is divided by 132?
21
What is the remainder when 12213 is divided by 129?
87
What is the remainder when 27264 is divided by 135?
129
What is the remainder when 7912 is divided by 12?
4
Calculate the remainder when 6507 is divided by 514.
339
Calculate the remainder when 427 is divided by 26.
11
Calculate the remainder when 27391 is divided by 156.
91
What is the remainder when 8981 is divided by 403?
115
Calculate the remainder when 60287 is divided by 314.
313
What is the remainder when 51965 is divided by 52?
17
Calculate the remainder when 47621 is divided by 51.
38
What is the remainder when 5999 is divided by 2?
1
What is the remainder when 14904 is divided by 707?
57
Calculate the remainder when 7311 is divided by 69.
66
What is the remainder when 64993 is divided by 4057?
81
Calculate the remainder when 136 is divided by 31.
12
Calculate the remainder when 15340 is divided by 114.
64
Calculate the remainder when 41284 is divided by 14.
12
What is the remainder when 7778 is divided by 79?
36
What is the remainder when 33174 is divided by 41?
5
Calculate the remainder when 2218 is divided by 564.
526
Calculate the remainder when 3302 is divided by 725.
402
Calculate the remainder when 5832 is divided by 171.
18
Calculate the remainder when 8277 is divided by 1566.
447
What is the remainder when 23894 is divided by 1492?
22
What is the remainder when 10292 is divided by 519?
431
Cal